rue
Is 35529460051 prime?
False
Is 3350258333 a composite number?
True
Is 7629665963 a composite number?
True
Is 7776016751 prime?
True
Is 10517442031 prime?
True
Is 116670471343 composite?
True
Is 7900054741 a composite number?
True
Is 163155733349 prime?
False
Is 84936969977 prime?
True
Is 131994584899 a composite number?
True
Is 73058499851 prime?
False
Is 17641163593 prime?
False
Is 989695409 prime?
False
Is 1873387963 a prime number?
True
Is 10533550817 a prime number?
True
Is 28240128991 a composite number?
False
Is 1065759857 a prime number?
False
Is 5572898333 a prime number?
False
Is 46397392771 prime?
False
Is 5569748137 a composite number?
False
Is 8946661121 prime?
True
Is 89991197299 a composite number?
True
Is 44851681129 a composite number?
True
Is 78052301 composite?
False
Is 2741014501 a prime number?
False
Is 40654353019 a prime number?
False
Is 6714368707 a prime number?
False
Is 16545614707 prime?
False
Is 14591947483 prime?
False
Is 36658389221 a prime number?
True
Is 1368616234 prime?
False
Is 73348953647 a composite number?
False
Is 453216991 a prime number?
False
Is 166660321 a prime number?
False
Is 400158377 a composite number?
True
Is 276817048181 composite?
False
Is 117415938803 a prime number?
True
Is 5451192661 a prime number?
True
Is 165636347 prime?
False
Is 4567743187 composite?
True
Is 2981891329 prime?
False
Is 12256545053 composite?
False
Is 2146061603 prime?
False
Is 329877659 composite?
True
Is 656718989 composite?
False
Is 748540994 a prime number?
False
Is 658538345549 a prime number?
False
Is 114289321 composite?
False
Is 2500660879 a prime number?
True
Is 120589199 composite?
False
Is 1801187527 composite?
False
Is 39004101931 a prime number?
False
Is 12918010561 composite?
False
Is 10974308713 composite?
False
Is 15802508699 composite?
False
Is 1507561297 a composite number?
True
Is 1038585311 composite?
False
Is 155451441 prime?
False
Is 6747898349 a prime number?
False
Is 948593791 a prime number?
False
Is 6723911917 composite?
False
Is 66102172921 a composite number?
True
Is 32557343347 prime?
True
Is 1620572729 prime?
False
Is 344518315 a composite number?
True
Is 4885900277 composite?
False
Is 498296551 prime?
False
Is 11911463309 prime?
False
Is 87906841 a prime number?
False
Is 9969259213 prime?
True
Is 14190478181 a composite number?
True
Is 54776711999 a composite number?
False
Is 164514109 prime?
False
Is 155079931403 a prime number?
True
Is 220538797 a composite number?
False
Is 1051195261 a composite number?
False
Is 409306961 a prime number?
False
Is 10809511553 a composite number?
True
Is 108147983 composite?
True
Is 9247352819 a composite number?
False
Is 1786924743 prime?
False
Is 1729897621 composite?
False
Is 16136475799 a composite number?
False
Is 4438607957 a prime number?
False
Is 5640284099 composite?
True
Is 3048674947 a composite number?
False
Is 2420916737 a prime number?
True
Is 3826193737 a prime number?
True
Is 142700284213 composite?
True
Is 13655334503 a prime number?
False
Is 79332789 prime?
False
Is 7133422069 a composite number?
True
Is 2358086659 composite?
False
Is 2125255381 a prime number?
False
Is 3310679531 prime?
True
Is 9373582087 a prime number?
True
Is 8248427879 prime?
True
Is 97639520759 composite?
True
Is 14143834709 a composite number?
True
Is 8329009047 a prime number?
False
Is 10769227967 prime?
True
Is 55245815369 prime?
False
Is 18413102777 a composite number?
False
Is 21832522431 a prime number?
False
Is 256331461 composite?
True
Is 1677603133 composite?
True
Is 1273549331 a prime number?
True
Is 9467030213 prime?
False
Is 281647837 a prime number?
False
Is 16499994167 prime?
False
Is 5059099663 a composite number?
False
Is 50447651 a composite number?
False
Is 107614424171 prime?
True
Is 1077509207 composite?
False
Is 9013735657 prime?
True
Is 1388719799 prime?
True
Is 1083659719 composite?
False
Is 6125431343 prime?
False
Is 366921524299 a prime number?
False
Is 7635035173 prime?
False
Is 2265112363 a composite number?
True
Is 63053460721 composite?
True
Is 228223579 a composite number?
False
Is 17029372909 prime?
False
Is 706976709 composite?
True
Is 41865461969 a prime number?
True
Is 150754411 composite?
False
Is 109482521 composite?
False
Is 5334839267 prime?
True
Is 36437202019 a composite number?
False
Is 9599865469 prime?
True
Is 172744859 a prime number?
False
Is 928070651 prime?
False
Is 1468233649 prime?
True
Is 574864307 a prime number?
True
Is 359246309 composite?
False
Is 2090595907 composite?
False
Is 624862174 a composite number?
True
Is 181778033 a prime number?
False
Is 3528929065 a prime number?
False
Is 217690609 a composite number?
False
Is 112979668462 composite?
True
Is 798621799 a composite number?
True
Is 29613169441 prime?
False
Is 3151542029 composite?
False
Is 16749298081 a composite number?
False
Is 107881879439 a prime number?
False
Is 100035241 a composite number?
False
Is 2425852613 composite?
False
Is 302184461 prime?
True
Is 18038747429 a composite number?
True
Is 14982633841 a prime number?
False
Is 77203739101 prime?
True
Is 3352324429 a prime number?
False
Is 11762956579 a prime number?
False
Is 13804532317 composite?
False
Is 52643137073 composite?
True
Is 490220251 a composite number?
False
Is 8268776143 a composite number?
True
Is 32967310931 composite?
True
Is 2447915641 composite?
False
Is 143426623 a composite number?
True
Is 20790778403 prime?
False
Is 1227912531 composite?
True
Is 13792593181 composite?
False
Is 37375141 a composite number?
False
Is 27766582 a composite number?
True
Is 14461502833 composite?
True
Is 891872818 prime?
False
Is 2453520634 composite?
True
Is 1469027381 a prime number?
True
Is 15255614641 a prime number?
True
Is 9310023109 a composite number?
False
Is 1380453961 a composite number?
True
Is 1458507269 a composite number?
False
Is 77277749053 prime?
True
Is 1040698327 a composite number?
False
Is 1250362067 composite?
False
Is 1946479321 a composite number?
False
Is 267574369 composite?
True
Is 104659345357 prime?
False
Is 2778809599 a prime number?
True
Is 100577751 prime?
False
Is 64984243 composite?
False
Is 60260274667 composite?
False
Is 79234439 a prime number?
True
Is 244458407 a composite number?
False
Is 32681163577 a composite number?
True
Is 767696953 a composite number?
False
Is 204524304313 a prime number?
False
Is 40782139291 composite?
True
Is 19432062901 a prime number?
False
Is 4414737203 a composite number?
True
Is 45186079 composite?
False
Is 3689851861 a prime number?
False
Is 14963582159 a composite number?
False
Is 64994849 a prime number?
False
Is 357318917 a prime number?
True
Is 1638478651 prime?
True
Is 17498604421 composite?
False
Is 246962117707 composite?
False
Is 235140517 a prime number?
True
Is 1453621067 a composite number?
False
Is 3304895729 a composite number?
True
Is 5572256189 a composite number?
False
Is 193411763 composite?
False
Is 83901377983 a composite number?
True
Is 10610492609 a prime number?
True
Is 59339730811 a composite number?
True
Is 1673626411 composite?
False
Is 96302167 a prime number?
False
Is 2769751423 a composite number?
True
Is 4541667253 prime?
True
Is 850152179 a composite number?
True
Is 16180209821 a prime number?
False
Is 12920060323 a composite number?
False
Is 4825023859 a composite number?
False
Is 18498850823 a composite number?
False
Is 22852124597 a prime number?
False
Is 63489255539 a prime number?
True
Is 151094537 a prime number?
False
Is 462738322993 a composite number?
False
Is 9704326895 a prime number?
False
Is 145663899571 a composite number?
False
Is 1298948891 prime?
True
Is 7563882233 a composite number?
True
Is 10916368061 a prime number?
True
Is 88282706201 prime?
True
Is 155315047 a prime number?
False
Is 186125503591 a composite number?
True
Is 3325791361 a prime number?
False
Is 373699345 a prime number?
False
Is 9047875721 a composite number?
False
Is 287338299607 a prime number?
True
Is 4627875787 prime?
True
Is 170722661 composite?
False
Is 1588927619 prime?
True
Is 2178391367 a prime number?
False
Is 8338184849 a prime number?
True
Is 2811546053 a prime number?
True
Is 3411570719 composite?
True
Is 9357609979 a prime number?
False
Is 3887278789 prime?
False
Is 13208398019 a prime nu